hat is -301a + 52?
-2a78
In base 13, what is 571c + c?
572b
In base 7, what is 54411 - -101?
54512
In base 15, what is 3b88 - 0?
3b88
In base 7, what is -140216 - -10?
-140206
In base 12, what is -a1 + -aa?
-18b
In base 10, what is 124 - -312?
436
In base 9, what is -1 - 41830?
-41831
In base 7, what is -131455 + 23?
-131432
In base 2, what is -1010100010011101 - 1000?
-1010100010100101
In base 9, what is 2 - 223712?
-223710
In base 5, what is -42432 + 22?
-42410
In base 14, what is -3d192 + -31?
-3d1c3
In base 13, what is -377 + -6a8?
-a52
In base 9, what is 4 + -57076?
-57072
In base 9, what is -141 - 4547?
-4688
In base 4, what is -331003333 - -21?
-331003312
In base 11, what is 602 - 559?
54
In base 11, what is -a32 - -3?
-a2a
In base 16, what is 293 + -ae?
1e5
In base 13, what is -84 + 530?
479
In base 3, what is 2 + 1002010?
1002012
In base 6, what is -1241 + -531?
-2212
In base 4, what is 102 + -3033200?
-3033032
In base 2, what is 110011010 + 11010?
110110100
In base 10, what is 3 - 7853?
-7850
In base 5, what is -2004044 + 4?
-2004040
In base 10, what is -35335 - 59?
-35394
In base 13, what is -29a3 + -32?
-2a05
In base 9, what is 417 - -5?
423
In base 3, what is 10001020220 + -1?
10001020212
In base 13, what is 2c4 - 33?
291
In base 14, what is 5 + 5c693?
5c698
In base 14, what is 46 - -2a31?
2a77
In base 11, what is 5 - -66139?
66143
In base 15, what is -d5 + -1813?
-18e8
In base 15, what is eb3 - -d?
ec1
In base 6, what is 12 + -10502403?
-10502351
In base 9, what is 1 - 2233?
-2232
In base 4, what is -12 + -32133100?
-32133112
In base 8, what is -70 - -442624?
442534
In base 2, what is 1010001001 + -1000110?
1001000011
In base 4, what is -10131 + -1013?
-11210
In base 12, what is -52 + -27148?
-2719a
In base 4, what is -111 - -123010?
122233
In base 6, what is -4 - 4310233?
-4310241
In base 8, what is -60 - -436?
356
In base 13, what is 3 + ccc16?
ccc19
In base 15, what is -2a90 - 1?
-2a91
In base 6, what is 12422 - 0?
12422
In base 8, what is 41 + 36?
77
In base 6, what is 151 + 1223?
1414
In base 6, what is 514 - 33241?
-32323
In base 3, what is 221 - -2211110?
2212101
In base 7, what is -11223 + 23?
-11200
In base 7, what is -1211132 - 5?
-1211140
In base 12, what is 1bb439 - 0?
1bb439
In base 2, what is 10011001001011100111 + -11?
10011001001011100100
In base 11, what is -1873 + 512?
-1361
In base 15, what is 5 - -2e4a?
2e50
In base 10, what is 5 + -23163?
-23158
In base 16, what is -91c5f + 4?
-91c5b
In base 13, what is 7 + -143c3?
-143b9
In base 8, what is 157 + 531?
710
In base 5, what is -133424 - 40?
-134014
In base 4, what is -2300302222 - 11?
-2300302233
In base 2, what is -101010100 - 11011011011?
-100000101111
In base 3, what is 1120002 + -11222?
1101010
In base 11, what is -354 - 634?
-988
In base 16, what is -27e - 28?
-2a6
In base 9, what is 341183 - 8?
341174
In base 7, what is 11 - -130466?
130510
In base 10, what is 336 - 1296?
-960
In base 11, what is -4a206 - 1?
-4a207
In base 13, what is -23 + -17a?
-1a0
In base 5, what is 412304420 + 4?
412304424
In base 8, what is -35236 - -7?
-35227
In base 5, what is 4 - -34001?
34010
In base 8, what is -3614 - -15?
-3577
In base 2, what is -11000011 + 11000100?
1
In base 13, what is b054 - -42?
b096
In base 13, what is -4 - 309a7?
-309ab
In base 8, what is -2303 - 1671?
-4174
In base 4, what is 233100 + 121?
233221
In base 4, what is -212020 + -1131?
-213211
In base 3, what is 100212020101 - 1?
100212020100
In base 15, what is -a1d - -1c?
-a01
In base 14, what is 10a + 22?
12c
In base 15, what is 2 - -d3e?
d41
In base 13, what is 83 - -122?
1a5
In base 12, what is 124 + a7?
20b
In base 6, what is 10 - 340312?
-340302
In base 12, what is -3685 - 2?
-3687
In base 13, what is -17a2 - -1?
-17a1
In base 15, what is 10dd1 - 3?
10dcd
In base 7, what is -412602 - -36?
-412533
In base 7, what is 224 - -43533?
44060
In base 7, what is 463 - 212?
251
In base 10, what is 101 - -560?
661
In base 14, what is -8 + -24aa?
-24b4
In base 13, what is -7209 + -a?
-7216
In base 4, what is -101322 + -1?
-101323
In base 5, what is 23 - -243242?
243320
In base 9, what is 2 + 326865?
326867
In base 13, what is 1 - -123a3?
123a4
In base 9, what is -35802 + 4?
-35787
In base 10, what is 12235 + -4?
12231
In base 2, what is 1101010110001111 + 11?
1101010110010010
In base 11, what is -7174 - 17?
-7190
In base 13, what is -99 + -221?
-2ba
In base 3, what is 10121221202 - 12?
10121221120
In base 16, what is -1 + fff?
ffe
In base 4, what is 103 + -312321?
-312212
In base 2, what is -1 + 100011100?
100011011
In base 10, what is 269 + 3254?
3523
In base 7, what is 260141 - 5?
260133
In base 14, what is -979 + -4c?
-9c7
In base 9, what is -705468 - 5?
-705474
In base 10, what is 15 + -163051?
-163036
In base 10, what is 66168 + -20?
66148
In base 11, what is -4a0 + -65?
-555
In base 9, what is 4 - 37261?
-37256
In base 14, what is 571 + 3d?
5b0
In base 3, what is -2120100011 + -11?
-2120100022
In base 13, what is -32129 - 6?
-32132
In base 8, what is 445112 - 10?
445102
In base 10, what is -323 + -396?
-719
In base 7, what is 116421 - -2?
116423
In base 16, what is 0 - -17097?
17097
In base 13, what is 4 - -289b9a?
289ba1
In base 13, what is 2 + -28a1?
-289c
In base 5, what is -14 - 101114303?
-101114322
In base 12, what is 3 + -26842?
-2683b
In base 13, what is 37ab4 - 18?
37a99
In base 16, what is 6e53 + 4b?
6e9e
In base 9, what is -21 + 1173?
1152
In base 11, what is 56058 - 52?
56006
In base 10, what is 1 - 2891?
-2890
In base 7, what is -5 + 63345?
63340
In base 12, what is 0 + 6780?
6780
In base 6, what is 510 + 43423?
44333
In base 13, what is 5c755 - -1b?
5c773
In base 12, what is 1b29 + -a8a?
105b
In base 8, what is -57 + -754?
-1033
In base 6, what is -2124032 - -3?
-2124025
In base 9, what is -10165 + 58?
-10106
In base 8, what is -2 + 1005334?
1005332
In base 10, what is 0 - 57960?
-57960
In base 11, what is 7a29 + 6?
7a34
In base 10, what is -103349 + 1?
-103348
In base 4, what is 10100 - 3311203?
-3301103
In base 15, what is -5 - 51260?
-51265
In base 11, what is -3 + -a7352?
-a7355
In base 4, what is 10332213 - -2?
10332221
In base 3, what is 1 - 200212222?
-200212221
In base 13, what is 101 - 20b?
-10a
In base 6, what is 1244 - 31552?
-30304
In base 14, what is d34 + -223?
b11
In base 5, what is 222042 - 40?
222002
In base 16, what is -7e + -354a?
-35c8
In base 9, what is 6 - 10833?
-10826
In base 9, what is 1215 + -1543?
-327
In base 8, what is 1 + -5454?
-5453
In base 16, what is -2 - -12649?
12647
In base 10, what is 226 + -244?
-18
In base 9, what is -2 - 563388?
-563401
In base 16, what is 0 + -4601?
-4601
In base 4, what is -302 + -1101020?
-1101322
In base 13, what is 30b + -b7?
224
In base 13, what is 12 + -580?
-56b
In base 4, what is 120 - 2130313?
-2130133
In base 16, what is 3a9b - 22?
3a79
In base 15, what is 52db + 10?
52eb
In base 13, what is -188c8 - b?
-18906
In base 6, what is -342434 + 13?
-342421
In base 16, what is 8e4 - -5?
8e9
In base 15, what is 8 + -2a35c?
-2a354
In base 7, what is 41 + -52562?
-52521
In base 4, what is 133222 + 100?
133322
In base 2, what is 101 - -111000110100?
111000111001
In base 2, what is -1 - 111110100011101?
-111110100011110
In base 12, what is 26 + -341b?
-33b5
In base 15, what is 26 + 81c?
843
In base 6, what is -140 + -10254?
-10434
In base 3, what is 11 - -1020102201120?
1020102201201
In base 6, what is 222212 + 524?
223140
In base 15, what is b1d6a + 0?
b1d6a
In base 12, what is 4967 - a?
4959
In base 5, what is -2 - 1310401?
-1310403
In base 10, what is -88019 - 2?
-88021
In base 14, what is 1 - -3a7a?
3a7b
In base 4, what is -23202 - -22?
-23120
In base 2, what is -101001 + -10010010?
-10111011
In base 10, what is 1 + -10442?
-10441
In base 7, what is -4 + -3500520?
-3500524
In base 10, what is 93191 - -3?
93194
In base 13, what is 1c910 + 31?
1c941
In base 14, what is -14da - da?
-15d6
In base 13, what is 8 - -caab9?
caac4
In base 11, what is 0 - 499558?
-499558
In base 7, what is 5 + -23025426?
-23025421
In base 7, what is 30110 + -2?
30105
In base 10, what is 18 + 8033?
8051
In base 2, what is 1110 + 1100010?
1110000
In base 14, what is -19c12 + -1?
-19c13
In base 3, what is 110022011 - -112222?
110212010
In base 12, what is 